*a(i) + 5*p(i). Let w = -133 - -135. Calculate c(w).
-2
Let a(m) = -m**2 - 14*m - 16. Let c(x) = -115*x - 588. Let g be c(-5). What is a(g)?
-3
Suppose -2*x - 41 + 45 = 0. Let g(t) = -6*t**2 + 9*t**2 - 6 - 2*t**x. Give g(0).
-6
Let d(b) be the second derivative of 2*b**3 + b**2/2 - 189*b. Determine d(4).
49
Let f = -66 + 39. Let y = 24 + f. Let l(b) = -7*b. Calculate l(y).
21
Suppose 5 = 2*d + 3*d. Suppose -5*a - 6 = -d. Let k(b) = b - 1. Let x(i) = 5*i + 2. Let w(g) = 3*k(g) + x(g). What is w(a)?
-9
Suppose -4*k + 6*k = -3*d, 50 = 5*k - 5*d. Let q(w) = 2*w**2 - 11*w - 15. Give q(k).
-9
Let y = 37 - 34. Let z(u) = 4 - u**3 + y*u**2 + u**3 + u + u**3. Let w = -11 + 7. Determine z(w).
-16
Let n(o) = -o**2 + 6. Let y(f) = -f**2 - f + 6. Suppose 0 = 4*q - 16 - 0. Let s(v) = q*y(v) - 5*n(v). Let h be (4 - (4 - -2) - -5) + 3. What is s(h)?
6
Let y(m) = 2*m**3 - 12*m**2 - 15*m + 18. Let t(l) = l**3 - 7*l**2 - 8*l + 10. Let v(f) = -5*t(f) + 3*y(f). Suppose -z = 4*z - 15. Calculate v(z).
7
Let l = -6 - -10. Let b(w) be the third derivative of 0*w + 0 - 15*w**2 - 1/24*w**4 - 1/6*w**3. Give b(l).
-5
Let p(t) = -t**2 + 6*t - 10. Let h(f) = 5*f - 75. Let v be h(16). Give p(v).
-5
Let c(r) = -r**3 + r**2 - 2. Suppose 5*u - 10 = 2*b, 0*b + b - u = -11. Let l be (-5)/25 + 27/b. Give c(l).
10
Let p(z) = z**3 + 8*z**2 + 7*z + 9. Suppose -3*y = 8 + 64. Let v(f) = -f**3 - 26*f**2 - 48*f - 7. Let l be v(y). Give p(l).
9
Suppose -2*w = -3 - 1. Let q(g) = 0*g**2 - 4*g - g - g**w. Suppose -34*j + 81*j = -282. What is q(j)?
-6
Let o be (52/(-3))/(4/(-6)). Suppose o + 2 = 4*y. Let p(u) = -y*u - u - 6*u + 1 + 7*u. Calculate p(1).
-6
Let o(z) = -29*z - 2. Let p(a) = 13*a + 1. Let s(v) = 2*o(v) + 5*p(v). Let l = -91 - -92. What is s(l)?
8
Let u(d) = d - 36. Let n be u(37). Let b(c) = 14*c**2. Give b(n).
14
Let n = 3 + -1. Let u(g) = -8*g**2 + 4*g**n + 4*g + 3*g**2 + 5. Let j = 3 - -1. Give u(j).
5
Let k(x) = -30*x + 36. Let h(p) = p - 1. Let r(z) = 36*h(z) + k(z). Suppose -3*w - 5*m = -23, w = m - 6 + 3. Calculate r(w).
6
Let f(y) = -y**2 + 11*y + 3. Suppose 5*q - 8 = -3*l, 2*q - 8 = -l - 7. What is f(l)?
3
Let a(q) be the second derivative of -q**5/60 + 2*q**3/3 + q**2 + 7*q. Let m(h) be the first derivative of a(h). What is m(3)?
-5
Let t = 36 - 34. Let i(q) = -q**t + 0*q**2 + 37*q - 1 + 3 - 36*q. Determine i(-2).
-4
Suppose 336 = 43*j + 13*j. Let n(r) be the third derivative of -5*r**2 - 2/15*r**5 - 7/24*r**4 + 0*r - 1/120*r**j + 0 - r**3. What is n(-7)?
-6
Suppose -2*o - 20 = q + 2*o, -4*o = -4*q + 20. Let i(p) be the second derivative of 0*p**3 + 0 - 3*p**2 - 1/20*p**5 - 13*p + 1/12*p**4. Determine i(q).
-6
Let y(k) = 2*k**2 - 3*k + 1. Let l(v) = -3*v**2 - 2*v - 4. Let c(d) = l(d) + y(d). Determine c(-4).
1
Let j(o) = -4*o**3 + 10*o**2 - o + 3. Let i(c) = c**3 - c**2 + 2. Let u(p) = 3*i(p) + j(p). Determine u(7).
2
Suppose -2*d = -4*y + 32, -5*y - 22 = -8*y + 2*d. Suppose -3*t + 4*t + 7 = k, 4*t + y = -5*k. Let s(a) = -a**2 - 6*a - 6. Give s(t).
-1
Let r be -7 + (-8 - -6) + 8. Let l(c) = 6*c**3 - c**2. Determine l(r).
-7
Let j(p) = p**3 - 6*p**2 - 10*p + 10. Suppose -3*f + 5*t + 24 = -f, -f = -5*t - 17. Give j(f).
-11
Let z(i) = i**3 + 6*i**2 + 7*i + 6. Let x = -9 + 0. Let l be (10/3)/((-3)/x). Let y = 5 - l. What is z(y)?
-4
Let y(d) = 6*d - 6*d + d**2 + d - 3*d. Let j be 0 + (-12)/4 - -9. Let r be (-2)/(-4)*(0 + j). Determine y(r).
3
Let v(t) be the first derivative of t**4/4 - 2*t**3/3 - 3*t**2 - 6*t - 211. Give v(4).
2
Let y(r) = -r**2 - 2*r + 3. Suppose -w - 52 = -4*d, 0*d + d = 4*w - 2. Suppose 0 = -t - 4*t + 85. Let l = t - d. Give y(l).
-12
Let f(u) = u**3 + 13*u**2 - 14*u + 3. Let a be f(-14). Suppose a*o + 1 - 7 = 0. Let g(m) = 7*m - m**3 + o*m**2 + 5*m**2 - 4 + 2. What is g(8)?
-10
Suppose -17*x + 21*x = 4*p - 4, 3 = -5*p + 3*x. Let m(k) = -k**2 - 2*k - 3. Calculate m(p).
-6
Let m be (-2)/(-8) - (-34)/(-8). Let g(u) = -u + 1. Let p(a) = -10*a - 235. Let h be p(-23). Let c(z) = 2*z - 1. Let j(b) = h*g(b) + m*c(b). What is j(2)?
-7
Let q be 0 - (-1 - 3)/((-10)/(-25)). Suppose 2*d - q + 0 = 0. Let p(k) be the second derivative of k**4/12 - k**3/2 - k**2 - k. Determine p(d).
8
Let z(c) be the third derivative of -15*c**2 - 1/8*c**4 + 1/120*c**6 + 5/6*c**3 + 0 + 1/30*c**5 + 0*c. Calculate z(-4).
-15
Let y(b) = b**3 + b**2 + b + 4. Let h be y(-2). Let a be (-2*(-3)/(-30))/(h/10). Let q(t) = 4*t. Determine q(a).
4
Suppose -29*z + 3*n + 4 = -31*z, 0 = -3*z - 4*n - 8. Let b(l) = -l - 10. Calculate b(z).
-2
Let x be (49/6)/(-1) + 5 + 4. Let q(c) be the second derivative of -1/20*c**5 + 5*c + 0 + 3/2*c**2 - x*c**3 + 1/2*c**4. Determine q(5).
3
Suppose 5*o + 4*w + 36 = 0, -3*o - 4*w = -5*w + 8. Let p(j) = -2*j - 5. Give p(o).
3
Let h(t) = t + 12. Suppose 5*d + 47 = -33. Let s be h(d). Let r(v) = 2*v**2 + 5*v + 5. Determine r(s).
17
Let z(n) = n**2 + 5*n + 1. Let u be (-6)/(-6)*2*61. Let v = -126 + u. Calculate z(v).
-3
Let v(l) be the third derivative of l**5/60 + 5*l**4/24 + l**3/2 - l**2. Let g(i) = -4*i**3 + 3*i**2 + i. Let z be g(-2). Let x = -45 + z. Determine v(x).
-3
Suppose -j + 3*k + 15 = 0, -2*j - 2*k + 7 = 3*j. Let n(b) = -b + 6. Let s be n(3). Let v(u) = -5 + 1 + 6*u - 5*u + s. Calculate v(j).
2
Let b(s) = -s - 1. Let z(r) = -5*r - 2. Suppose -3*h - 18 = -l + 4*l, -3*l - 5*h - 22 = 0. Let f(q) = l*b(q) + z(q). What is f(7)?
-5
Suppose 68*i + 34 = 51*i. Let x(s) be the second derivative of -5*s**4/12 - 2*s**3/3 - 3*s**2/2 - 2*s. Give x(i).
-15
Let k(c) be the second derivative of -c**4/2 - c**3/2 + c**2/2 + 42*c. Give k(1).
-8
Let x(n) be the first derivative of n**2/2 + 48. Give x(0).
0
Let r(y) = 11*y**3 + 15*y**2 - 20*y + 24. Let t(i) = -4*i**3 - 5*i**2 + 7*i - 8. Let c(h) = -3*r(h) - 8*t(h). Give c(-6).
4
Suppose -12*y + 9*y = -18. Let v(s) = 44*s**3 - y*s - 4 - 122*s**3 - 7*s**2 + 43*s**3 + 34*s**3. Let j be 9/2*4/(-3). What is v(j)?
-4
Let j(s) = -2*s**2 + 0*s**2 + 5 - s**2 + s**2 + 7*s - s**3. Calculate j(-4).
9
Let k(i) = 2*i - 6. Let q(o) = 2*o. Let f be q(1). Suppose -5*h - 5*l - 50 = -10*h, -f*l + 4 = h. Let g = -3 + h. What is k(g)?
4
Let w = 21 + -9. Let h = -9 + w. Let y(m) = -2*m + 0*m + 3*m + 2*m**h + 6*m**3. Calculate y(-1).
-9
Let b(a) = -3*a + 19. Let r be b(5). Let y(w) = -w**2 + 30*w - 5*w - 11*w - r - 8*w. Let p = -1 - -5. Give y(p).
4
Let i(m) = m**3 - 14*m**2 - 19*m + 64. Let w be i(15). Let v(z) = z**3 - z**2 - 5*z + 5. Determine v(w).
33
Let m(d) = -2*d + 32. Suppose -10*y - o = -15*y + 92, 0 = 2*y - o - 35. What is m(y)?
-6
Let a(n) = n**2 + 6*n + 3. Let k be a(-7). Let s(d) = 11 - k - d - 13. What is s(-8)?
-4
Let a(q) be the second derivative of -q**3/6 - q**2 + 26*q. Give a(-7).
5
Let s(m) = 3*m + 9. Suppose 9*d - 8*d + 86 = 0. Let n = d + 80. Determine s(n).
-9
Let j(y) = 4*y**2 + 3*y + 2. Suppose -l = 4*i + 4, -3*i - 2*i - 25 = 0. Suppose 2*s + l = -s - 5*u, s + 2*u + 6 = 0. What is j(s)?
12
Suppose -2*b - 15 = -5*b. Let f be (14/(-10))/((-1)/b). Let m(k) = k - f - k - 5*k + 2*k. Give m(-6).
11
Let k(g) be the second derivative of g**4/12 + g**3/6 - 3*g**2/2 - 13*g + 2. Determine k(3).
9
Let l = -178 + 173. Let g(f) = 7*f + 35. What is g(l)?
0
Let l(v) = -v**2 + 9*v + 2. Let o(j) = -5*j - 1. Suppose 14 = 3*d - 4. Let b(g) = d*l(g) + 11*o(g). Calculate b(1).
-6
Let c(n) = n**3 - 5*n**2 - 6*n - 6. Let m be c(6). Suppose -3*u = -2*u - 2. Let f(y) = -4 + 6 - 7*y + y**2 - 2*y**u. Give f(m).
8
Suppose 11*o - 90 = -4*o. Let x(r) = -r**3 - 3*r**2 + 3*r - 1. Let l be x(-4). Let q(d) = 2*d**2 + 5*d - 1 + 0 - l*d**2. Give q(o).
-7
Let j = -44 + 50. Let v(a) = 4*a**2 - 11*a**2 - 7 + j*a**2 - 8*a. Calculate v(-6).
5
Let y(x) = -x**3 - 5*x**2 - 3*x - 6. Let s(u) = u**3 + 4*u**2 + 2*u + 6. Let n(m) = 2*s(m) + 3*y(m). Suppose -l - 12 = -0*l. Let w = 6 + l. Determine n(w).
-12
Suppose -202 = -2*j - 2*u, -7*u + 3*u = -4*j + 396. Suppose j - 85 = -3*y. Let l(q) = -4*q + 3. What is l(y)?
23
Let y = 39 - 38. Let i(k) = -k + 2 + 3 - 1 - y. Give i(-3).
6
Let i be 30/45 - 4/(-12). Let r(f) = 2*f**2 - 2*f**3 - f**2 + 3*f**3. Give r(i).
2
Let l be 2/2*0*(-3 - -4). Let g(j) = j**2 + j - 29. Determine g(l).
-29
Let z(q) be the second derivative of -7*q**3/3 + q**2/2 - 119*q. Calculate z(-1).
15
Let b(p) be the third derivative of p**7/2520 + p**6/1